(base 16) to base 4
22221031103
-122102211212 (base 3) to base 6
-11205035
Convert 101212011012202 (base 3) to base 5.
2434121230
Convert 224008 (base 12) to base 9.
1022038
Convert 3532672 (base 8) to base 10.
964026
What is 5305132 (base 6) in base 12?
1051a8
What is -122601564 (base 7) in base 16?
-763c35
1154a30 (base 13) to base 12
1960a80
What is 20101000002 (base 3) in base 8?
364716
Convert -21300202 (base 4) to base 11.
-28037
What is 338da (base 15) in base 6?
3303141
Convert 1100110101010010111101 (base 2) to base 15.
466b39
Convert -27454537 (base 8) to base 10.
-6183263
Convert 93380 (base 13) to base 3.
111102111002
-4cab27 (base 13) to base 11
-1055294
-2095 (base 14) to base 7
-22245
-5443134 (base 6) to base 2
-1000001111111000010
Convert 153030 (base 7) to base 2.
111010010100110
What is -65169 (base 14) in base 11?
-157778
Convert -30242252 (base 6) to base 3.
-1121202011212
What is 282375 (base 11) in base 7?
3521420
What is -6870 (base 11) in base 14?
-3411
What is -400230343 (base 6) in base 5?
-3211104124
6564447 (base 9) to base 10
3526540
Convert 142607 (base 13) to base 11.
305950
What is 131b773 (base 14) in base 12?
3103789
What is 437929 (base 15) in base 14?
5d9956
1001220113 (base 4) to base 3
111122202102
-176a24 (base 13) to base 12
-243236
-1111100100011101011 (base 2) to base 8
-1744353
-9e414 (base 15) to base 12
-20366a
What is -12110012210 (base 3) in base 15?
-21be9
What is 6bf2e (base 16) in base 10?
442158
What is 3210816 (base 12) in base 6?
535045230
What is 11042012 (base 5) in base 14?
27255
Convert -2105320 (base 7) to base 11.
-163902
-1160385 (base 9) to base 4
-2121312200
Convert -4d7a2 (base 14) to base 9.
-320715
Convert -42204430 (base 6) to base 15.
-194509
11330443 (base 5) to base 3
12100012110
What is 1020000101022 (base 3) in base 6?
21532225
Convert -110233112 (base 4) to base 9.
-138468
-761251 (base 9) to base 10
-453646
What is 3612b (base 12) in base 10?
72755
-121b6 (base 15) to base 5
-3322041
What is 10011201333 (base 4) in base 14?
1dc567
2230210330 (base 4) to base 6
23052324
What is 56835 (base 13) in base 10?
157383
-537367 (base 12) to base 10
-1318975
What is -95a1d (base 15) in base 11?
-2a4787
What is -5622183 (base 11) in base 2?
-100101100110010100001011
440700 (base 8) to base 3
21111212221
-55cdd8 (base 14) to base 13
-7b1874
-8815cc (base 14) to base 4
-101212123000
-a2a745 (base 11) to base 5
-410411443
Convert 603735 (base 8) to base 13.
6c537
Convert -181044 (base 13) to base 2.
-10010010111110110010
What is 2122211010120 (base 3) in base 12?
5820a3
Convert 122031000 (base 4) to base 5.
11413303
What is 526712 (base 8) in base 14?
47da2
Convert -442333 (base 5) to base 10.
-15343
What is 2323045 (base 9) in base 6?
42523535
-747902 (base 11) to base 5
-301240304
6cbbd (base 15) to base 16
54b17
What is 41702 (base 14) in base 12?
77386
What is -36443 (base 11) in base 7?
-305613
Convert 3905391 (base 11) to base 9.
13660372
Convert -136c9 (base 13) to base 3.
-1211211121
-23003020013 (base 4) to base 14
-555771
Convert -6643624 (base 8) to base 6.
-102152500
What is -547710 (base 10) in base 3?
-1000211022120
-11101000111101111100 (base 2) to base 12
-3a0278
Convert -12e60 (base 15) to base 13.
-21789
2aab24 (base 12) to base 15
e4761
453013301 (base 6) to base 7
130132054
Convert 688c5 (base 13) to base 10.
190455
What is -127ab (base 14) in base 5?
-2423202
Convert -66806 (base 12) to base 16.
-21306
What is 70769 (base 15) in base 4?
1112323101
Convert 393762 (base 10) to base 12.
16ba56
Convert -200000010210 (base 3) to base 6.
-11332420
Convert d98705 (base 16) to base 13.
2c51a3c
-c79c0 (base 13) to base 3
-200021112111
Convert -955396 (base 10) to base 2.
-11101001010000000100
Convert -10433413 (base 6) to base 16.
-4d151
Convert -1201102221200 (base 3) to base 16.
-df2d2
-74995 (base 11) to base 9
-175465
Convert 13058851 (base 9) to base 15.
86b34d
410a003 (base 11) to base 9
14585612
What is 1121033341 (base 5) in base 16?
266bd3
What is 15a64b (base 12) in base 10?
370715
52504412 (base 6) to base 9
2785648
7c0bb (base 16) to base 7
4214213
What is -486942 (base 16) in base 9?
-8832580
What is 222030 (base 8) in base 3?
10210120111
Convert 10012022200020 (base 3) to base 7.
20304351
Convert -110011020201000 (base 3) to base 8.
-30512757
What is 1d74a (base 15) in base 9?
155787
What is -36327 (base 15) in base 14?
-46db7
What is 1142302 (base 5) in base 13?
9a8a
What is 124212000 (base 5) in base 16?
96834
Convert -201252151 (base 6) to base 7.
-41066251
Convert -14534021 (base 8) to base 2.
-1100101011100000010001
What is 430460 (base 15) in base 12?
109a339
What is -10133320223 (base 4) in base 6?
-41135055
-1602053 (base 10) to base 3
-10000101121022
Convert -28e753 (base 16) to base 11.
-1571023
What is 7870257 (base 11) in base 3?
221221201020111
Convert 1002330100 (base 4) to base 16.
42f10
-14068a5 (base 11) to base 8
-11200002
What is 57050 (base 14) in base 5?
23230413
What is -2070054 (base 10) in base 12?
-839b46
-40313442 (base 5) to base 2
-1001110110110110101
-9a5b12 (base 12) to base 16
-257dfe
What is a1472 (base 12) in base 9?
348645
Convert 1001033013 (base 4) to base 6.
5421023
Convert -61679 (base 11) to base 3.
-11120102221
What is -9ab6 (base 16) in base 10?
-39606
Convert -53683 (base 10) to base 6.
-1052311
Convert 15554123 (base 6) to base 4.
2020212003
1ab5a (base 15) to base 16
15397
What is -29aa1 (base 12) in base 6?
-1131121
3322031102 (base 4) to base 15
1539d5
What is 328475 (base 11) in base 12?
213055
Convert -1525310 (base 10) to base 16.
-17463e
-2216a1 (base 12) to base 14
-101677
What is -702403 (base 8) in base 14?
-600b9
Convert 434424420 (base 5) to base 13.
507b26
What is 464444 (base 12) in base 14?
214b64
Convert -385d9e (base 15) to base 8.
-12237342
Convert -1d060 (base 14) to base 2.
-10010000110111100
Convert -8022 (base 9) to base 13.
-2882
What is -1101322330 (base 4) in base 15?
-6964d
Convert 125717 (base 10) to base 3.
20101110012
What is -302033 (base 10) in base 13?
-a7624
What is 191299 (base 14) in base 15?
127b79
Convert 21001212 (base 3) to base 14.
1c41
Convert 1000001111110011110001 (base 2) to base 16.
20fcf1
Convert -2e6488 (base 16) to base 13.
-825b64
Convert -656928 (base 10) to base 16.
-a0620
Convert -34455323 (base 6) to base 16.
-104103
What is 4357510 (base 12) in base 3?
220002122211010
-320130032 (base 4) to base 16
-3870e
-752553 (base 9) to base 8
-1553073
What is -125615 (base 11) in base 9?
-331210
What is 211102010222112 (base 3) in base 7?
203146202
Convert -12244406 (base 7) to base 3.
-2002001220022
-11322110 (base 5) to base 10
-104655
What is 2112232 (base 6) in base 4?
121013330
-101b6 (base 13) to base 16
-70cf
Convert 718a21 (base 12) to base 9.
3308667
What is -4db300 (base 14) in base 6?
-133250124
-1001100100001100111 (base 2) to base 4
-1030201213
What is -325212 (base 8) in base 11?
-75048
-114978c (base 15) to base 12
-4193006
38c22 (base 16) to base 7
1655535
Convert 11555350 (base 6) to base 5.
43420140
Convert -102011022222 (base 3) to base 8.
-655027
Convert -90960a (base 15) to base 6.
-403055314
What is -30ab70 (base 12) in base 15?
-101be9
What is 1c09b (base 13) in base 5?
3230203
-4430123 (base 7) to base 2
-10000101000101000101
2620435 (base 7) to base 6
11151244
Convert 1000100010111101 (base 2) to base 7.
204025
Convert 110121122021 (base 3) to base 4.
330220012
-159 (base 15) to base 8
-465
Convert -210431114 (base 5) to base 11.
-547643
Convert -b6275d (base 15) to base 11.
-49893a5
Convert -210220121210 (base 3) to base 9.
-726553
What is 126d4 (base 16) in base 15?
1756b
31626200 (base 7) to base 5
1142233303
-25814 (base 15) to base 12
-594b4
Convert -1011001111010100110 (base 2) to base 7.
-3062513
-210110203 (base 4) to base 10
-148771
What is -a4a1 (base 15) in base 13?
-12ac0
What is -20119 (base 10) in base 16?
-4e97
Convert 27680a (base 13) to base 3.
1210121211120
Convert 41646664 (base 7) to base 2.
1101011100100000111001
Convert 6010 (base 13) to base 8.
31613
-288fc (base 16) to base 6
-3321100
Convert 1876724 (base 9) to base 2.
100000001100000000011
Convert 24436 (base 14) to base 10.
88640
What is -4973cc (base 14) in base 11?
-